{"id":296,"date":"2016-03-30T19:59:43","date_gmt":"2016-03-30T19:59:43","guid":{"rendered":"http:\/\/gadprsietedejulio.gob.ec\/?page_id=296"},"modified":"2024-02-02T16:17:30","modified_gmt":"2024-02-02T21:17:30","slug":"rendicion-cuentas-2015","status":"publish","type":"page","link":"https:\/\/gadprsietedejulio.gob.ec\/?page_id=296","title":{"rendered":"Rendicion Cuentas 2015"},"content":{"rendered":"<p><a href=\"http:\/\/gadprsietedejulio.gob.ec\/wp-content\/uploads\/2017\/04\/Revista-de-rendicion-de-cuentas-2015.pdf\" rel=\"\">Revista de rendici\u00f3n de cuentas 2015<\/a><br \/>\n<iframe loading=\"lazy\" src=\"https:\/\/www.youtube.com\/embed\/oUVTnNg3Oow\" width=\"560\" height=\"315\" frameborder=\"0\" allowfullscreen=\"allowfullscreen\"><\/iframe><br \/>\n<iframe loading=\"lazy\" src=\"https:\/\/www.youtube.com\/embed\/g_KXSECLBl0\" width=\"560\" height=\"315\" frameborder=\"0\" allowfullscreen=\"allowfullscreen\"><\/iframe><br \/>\n<iframe loading=\"lazy\" src=\"https:\/\/www.youtube.com\/embed\/0mr0OfmJSiE\" width=\"560\" height=\"315\" frameborder=\"0\" allowfullscreen=\"allowfullscreen\"><\/iframe><\/p>\n<p><a href=\"http:\/\/gadprsietedejulio.gob.ec\/wp-content\/uploads\/2016\/03\/GOBIERNO-PARROQUIAL-SIETE-DE-JULIO-INFORME-PRELIMINAR1.pdf\">Informe Preliminar 2015.<\/a><\/p>\n<p><a href=\"http:\/\/gadprsietedejulio.gob.ec\/wp-content\/uploads\/2016\/03\/Directiva-dirigir-sesion-rctas.pdf\">Directiva Rendici\u00f3n Cuentas<\/a><\/p>\n<p><a href=\"http:\/\/gadprsietedejulio.gob.ec\/wp-content\/uploads\/2016\/03\/firmas-rendicion-cuenta-2015.pdf\">Registro Firmas.<\/a><\/p>\n<p><a href=\"http:\/\/gadprsietedejulio.gob.ec\/wp-content\/uploads\/2016\/03\/observaciones-ciudadania-rendicion-cuetas.pdf\">Participcion de la Ciudadan\u00eda<\/a><\/p>\n","protected":false},"excerpt":{"rendered":"<p>Revista de rendici\u00f3n de cuentas 2015 Informe Preliminar 2015. Directiva Rendici\u00f3n Cuentas Registro Firmas. Participcion de la Ciudadan\u00eda<\/p>\n","protected":false},"author":1,"featured_media":0,"parent":3984,"menu_order":2,"comment_status":"closed","ping_status":"closed","template":"","meta":{"footnotes":""},"class_list":["post-296","page","type-page","status-publish","hentry"],"_links":{"self":[{"href":"https:\/\/gadprsietedejulio.gob.ec\/index.php?rest_route=\/wp\/v2\/pages\/296","targetHints":{"allow":["GET"]}}],"collection":[{"href":"https:\/\/gadprsietedejulio.gob.ec\/index.php?rest_route=\/wp\/v2\/pages"}],"about":[{"href":"https:\/\/gadprsietedejulio.gob.ec\/index.php?rest_route=\/wp\/v2\/types\/page"}],"author":[{"embeddable":true,"href":"https:\/\/gadprsietedejulio.gob.ec\/index.php?rest_route=\/wp\/v2\/users\/1"}],"replies":[{"embeddable":true,"href":"https:\/\/gadprsietedejulio.gob.ec\/index.php?rest_route=%2Fwp%2Fv2%2Fcomments&post=296"}],"version-history":[{"count":15,"href":"https:\/\/gadprsietedejulio.gob.ec\/index.php?rest_route=\/wp\/v2\/pages\/296\/revisions"}],"predecessor-version":[{"id":3635,"href":"https:\/\/gadprsietedejulio.gob.ec\/index.php?rest_route=\/wp\/v2\/pages\/296\/revisions\/3635"}],"up":[{"embeddable":true,"href":"https:\/\/gadprsietedejulio.gob.ec\/index.php?rest_route=\/wp\/v2\/pages\/3984"}],"wp:attachment":[{"href":"https:\/\/gadprsietedejulio.gob.ec\/index.php?rest_route=%2Fwp%2Fv2%2Fmedia&parent=296"}],"curies":[{"name":"wp","href":"https:\/\/api.w.org\/{rel}","templated":true}]}}

<p><a href="http://gadprsietedejulio.gob.ec/wp-content/uploads/2017/04/Revista-de-rendicion-de-cuentas-2015.pdf" rel="">Revista de rendición de cuentas 2015</a><br />
<iframe loading="lazy" src="https://www.youtube.com/embed/oUVTnNg3Oow" width="560" height="315" frameborder="0" allowfullscreen="allowfullscreen"></iframe><br />
<iframe loading="lazy" src="https://www.youtube.com/embed/g_KXSECLBl0" width="560" height="315" frameborder="0" allowfullscreen="allowfullscreen"></iframe><br />
<iframe loading="lazy" src="https://www.youtube.com/embed/0mr0OfmJSiE" width="560" height="315" frameborder="0" allowfullscreen="allowfullscreen"></iframe></p>
<p><a href="http://gadprsietedejulio.gob.ec/wp-content/uploads/2016/03/GOBIERNO-PARROQUIAL-SIETE-DE-JULIO-INFORME-PRELIMINAR1.pdf">Informe Preliminar 2015.</a></p>
<p><a href="http://gadprsietedejulio.gob.ec/wp-content/uploads/2016/03/Directiva-dirigir-sesion-rctas.pdf">Directiva Rendición Cuentas</a></p>
<p><a href="http://gadprsietedejulio.gob.ec/wp-content/uploads/2016/03/firmas-rendicion-cuenta-2015.pdf">Registro Firmas.</a></p>
<p><a href="http://gadprsietedejulio.gob.ec/wp-content/uploads/2016/03/observaciones-ciudadania-rendicion-cuetas.pdf">Participcion de la Ciudadanía</a></p>

<p>Revista de rendición de cuentas 2015 Informe Preliminar 2015. Directiva Rendición Cuentas Registro Firmas. Participcion de la Ciudadanía</p>
